False
Is 51785 a composite number?
True
Is 97009 prime?
False
Is 389 a composite number?
False
Is 20077 a composite number?
True
Is 303971 a prime number?
False
Is 337 a prime number?
True
Is 25859 prime?
False
Is 2056627 prime?
True
Is 13343 a composite number?
True
Is 2523317 a prime number?
True
Is 189757 composite?
False
Is 87449 a prime number?
False
Is 168691 composite?
True
Is 1543 a prime number?
True
Is 348149 composite?
False
Is 1152741 composite?
True
Is 13522 prime?
False
Is 8977 a prime number?
False
Is 4853779 prime?
False
Is 70102 composite?
True
Is 33257 a composite number?
True
Is 118529 prime?
True
Is 2106701 prime?
False
Is 14785 prime?
False
Is 2374 prime?
False
Is 1841513 composite?
False
Is 1635811 a composite number?
False
Is 3137 prime?
True
Is 69973 a composite number?
True
Is 124633 a composite number?
False
Is 166081 a prime number?
True
Is 639691 a prime number?
False
Is 162989 a composite number?
False
Is 334537 a composite number?
True
Is 4870643 composite?
True
Is 1481 prime?
True
Is 2333 composite?
False
Is 16217 composite?
False
Is 56611 a prime number?
True
Is 41351 a prime number?
True
Is 67447 prime?
True
Is 12989 composite?
True
Is 427027 prime?
False
Is 58771 a prime number?
True
Is 9939 a composite number?
True
Is 10841 prime?
False
Is 943 composite?
True
Is 235721 composite?
True
Is 159 a prime number?
False
Is 7769 composite?
True
Is 43361 prime?
False
Is 301459 prime?
True
Is 21542 prime?
False
Is 1908703 a prime number?
True
Is 157889 a composite number?
False
Is 46313 a composite number?
True
Is 393121 a prime number?
True
Is 35545 prime?
False
Is 26669 a composite number?
False
Is 39499 composite?
False
Is 476947 composite?
True
Is 372323 composite?
True
Is 4417 a composite number?
True
Is 25999 a composite number?
False
Is 186947 composite?
False
Is 612853 prime?
True
Is 208433 a prime number?
True
Is 331 a composite number?
False
Is 122926 a composite number?
True
Is 298181 composite?
True
Is 252449 a prime number?
True
Is 461801 a composite number?
False
Is 124594 a prime number?
False
Is 1041833 composite?
True
Is 10939 prime?
True
Is 12745 prime?
False
Is 20789 a composite number?
False
Is 140333 a prime number?
True
Is 11147 prime?
False
Is 13829 prime?
True
Is 17873 prime?
False
Is 41487 prime?
False
Is 29285 prime?
False
Is 587 composite?
False
Is 9431 prime?
True
Is 691289 a composite number?
False
Is 3034121 a prime number?
False
Is 506677 prime?
False
Is 6599 prime?
True
Is 4391 a prime number?
True
Is 94865 prime?
False
Is 29077 composite?
False
Is 86186 prime?
False
Is 217541 composite?
True
Is 24239 a composite number?
False
Is 72586 a prime number?
False
Is 79247 prime?
False
Is 526271 a composite number?
False
Is 200761 a prime number?
False
Is 22874 a composite number?
True
Is 13555 prime?
False
Is 35974 composite?
True
Is 4201 a prime number?
True
Is 70099 composite?
False
Is 150391 a prime number?
False
Is 5839 a composite number?
False
Is 984013 a prime number?
False
Is 49273 a prime number?
False
Is 30211 prime?
True
Is 103315 prime?
False
Is 1007 composite?
True
Is 172001 a composite number?
False
Is 27143 composite?
False
Is 1655 a prime number?
False
Is 3279935 prime?
False
Is 25279 a prime number?
False
Is 942815 a composite number?
True
Is 478657 a prime number?
False
Is 75889 prime?
False
Is 5071 a composite number?
True
Is 795347 a composite number?
True
Is 29801 a prime number?
False
Is 2839651 a prime number?
False
Is 1040273 a prime number?
False
Is 476713 a composite number?
False
Is 1889 prime?
True
Is 1369 a composite number?
True
Is 15449 composite?
True
Is 245221 a composite number?
True
Is 2203 prime?
True
Is 51839 prime?
True
Is 2271923 a composite number?
False
Is 1397 composite?
True
Is 564835 prime?
False
Is 12279 prime?
False
Is 2371 a prime number?
True
Is 76807 composite?
True
Is 75643 a prime number?
False
Is 51379 composite?
True
Is 127031 composite?
False
Is 102707 prime?
False
Is 50707 composite?
False
Is 3154289 composite?
True
Is 214823 a prime number?
False
Is 7593 prime?
False
Is 7169 composite?
True
Is 893317 prime?
True
Is 602515 prime?
False
Is 17651 a composite number?
True
Is 61121 composite?
False
Is 147029 a composite number?
False
Is 17957 composite?
False
Is 212909 a prime number?
True
Is 6467 a prime number?
False
Is 5965643 a composite number?
False
Is 43595 a prime number?
False
Is 566963 a composite number?
False
Is 1087 a prime number?
True
Is 13269 composite?
True
Is 83833 composite?
False
Is 74179 prime?
False
Is 510382 prime?
False
Is 1232771 a prime number?
True
Is 135613 composite?
False
Is 325627 a composite number?
False
Is 6737 a composite number?
False
Is 6689 a composite number?
False
Is 1946429 prime?
True
Is 42061 prime?
True
Is 25385 composite?
True
Is 5953 composite?
False
Is 5567 a composite number?
True
Is 52343 a prime number?
False
Is 953141 prime?
False
Is 211319 a composite number?
False
Is 45931 a prime number?
False
Is 9445 a prime number?
False
Is 11657 composite?
False
Is 69809 prime?
True
Is 45553 composite?
False
Is 151106 prime?
False
Is 4709 prime?
False
Is 50021 a composite number?
False
Is 1049711 a prime number?
False
Is 498049 a prime number?
False
Is 1359769 a prime number?
True
Is 4511 prime?
False
Is 859321 composite?
False
Is 11399 a composite number?
False
Is 241421 prime?
True
Is 6371 prime?
False
Is 76795 a composite number?
True
Is 1031 prime?
True
Is 1733 prime?
True
Is 138889 a composite number?
False
Is 24217 a prime number?
False
Is 1172531 a prime number?
True
Is 29473 a prime number?
True
Is 156049 a prime number?
False
Is 9863 prime?
False
Is 8185 prime?
False
Is 1359923 composite?
True
Is 60769 a composite number?
True
Is 1747 a prime number?
True
Is 26981 a composite number?
False
Is 193147 a prime number?
True
Is 18931 a prime number?
False
Is 18119 a prime number?
True
Is 25199 a prime number?
False
Is 3607 composite?
False
Is 19997 a prime number?
True
Is 46979 a composite number?
True
Is 1363 a composite number?
True
Is 100103 a prime number?
True
Is 530435 composite?
True
Is 51781 a prime number?
False
Is 5269 a composite number?
True
Is 206 a composite number?
True
Is 6469 prime?
True
Is 10687 composite?
False
Is 16717 a composite number?
True
Is 2007911 prime?
True
Is 74017 a composite number?
False
Is 818 composite?
True
Is 882419 a composite number?
True
Is 12587 a prime number?
False
Is 25819 a composite number?
False
Is 7115 composite?
True
Is 1567 composite?
False
Is 89303 a prime number?
True
Is 118297 prime?
True
Is 26627 a composite number?
False
Is 7817 a composite number?
False
Is 41297 a prime number?
False
Is 200341 composite?
False
Is 5437 a composite number?
False
Is 1381 prime?
True
Is 155921 composite?
False
Is 8311 prime?
True
Is 127693 composite?
True
Is 881551 a prime number?
False
Is 635433 a prime number?
False
Is 221327 a prime number?
True
Is 426485 a composite number?
True
Is 339259 a prime number?
False
Is 7103 composite?
False
Is 142669 a prime number?
False
Is 96623 composite?
True
Is 42659 a prime number?
False
Is 5333 a prime number?
True
Is 669167 a prime number?
True
Is 162353 composite?
True
Is 401239 prime?
False
Is 2393 a composite number?
False
Is 1261 composite?
True
Is 378931 a prime number?
False
Is 13217 a composite number?
False
Is 64957 prime?
False
Is 114685 composite?
True
Is 11541 prime?
False
Is 196289 a composite number?
True
Is 40751 prime?
True
Is 1614859 a composite number?
False
Is 162151 a prime number?
False
Is 10453 composite?
False
Is 41617 a prime number?
True
Is 2957 a prime number?
True
Is 21677 composite?
True
Is 19541 a composite number?
False
Is 5813 prime?
True
Is 19 a prime number?
True
Is 28687 a prime number?
True
Is 5433 composite?
True
Is 168133 prime?
False
Is 2591 a composite number?
False
Is 37174 composite?
True
Is 1096919 composite?
False
Is 19661 composite?
False
Is 110761 a prime number?
False
Is 3761 prime?
True
Is 137771 composite?
False
Is 1351373 a prime number?
True
Is 1119557 prime?
True
Is 35951 a composite number?
False
Is 172049 a composite number?
False
Is 64577 prime?
True
Is 15569 prime?
True
Is 369559 a composite number?
True
Is 20593 prime?
True
Is 2333 a prime number?
True
Is 243073 a pri